{"id":11,"date":"2011-10-11T16:19:53","date_gmt":"2011-10-11T16:19:53","guid":{"rendered":"http:\/\/www.sv-blauweiss-siddinghausen.de\/?page_id=11"},"modified":"2023-08-18T07:17:18","modified_gmt":"2023-08-18T06:17:18","slug":"senioren","status":"publish","type":"page","link":"https:\/\/sv.siddinghausen.de\/?page_id=11","title":{"rendered":"Senioren"},"content":{"rendered":"\n<p>F\u00fcr den Seniorenspielbetrieb zust\u00e4ndig sind die Fu\u00dfballobleute:<\/p>\n\n\n\n<p><\/p>\n\n\n\n<p>David Westermeier: 0171 7575993<\/p>\n\n\n\n<p>Phillip Helle: 0162 3577345<\/p>\n","protected":false},"excerpt":{"rendered":"<p>F\u00fcr den Seniorenspielbetrieb zust\u00e4ndig sind die Fu\u00dfballobleute: David Westermeier: 0171 7575993 Phillip Helle: 0162 3577345<\/p>\n","protected":false},"author":1,"featured_media":0,"parent":9,"menu_order":0,"comment_status":"closed","ping_status":"closed","template":"","meta":{"ngg_post_thumbnail":0,"footnotes":""},"class_list":["post-11","page","type-page","status-publish","hentry"],"jetpack_sharing_enabled":true,"_links":{"self":[{"href":"https:\/\/sv.siddinghausen.de\/index.php?rest_route=\/wp\/v2\/pages\/11","targetHints":{"allow":["GET"]}}],"collection":[{"href":"https:\/\/sv.siddinghausen.de\/index.php?rest_route=\/wp\/v2\/pages"}],"about":[{"href":"https:\/\/sv.siddinghausen.de\/index.php?rest_route=\/wp\/v2\/types\/page"}],"author":[{"embeddable":true,"href":"https:\/\/sv.siddinghausen.de\/index.php?rest_route=\/wp\/v2\/users\/1"}],"replies":[{"embeddable":true,"href":"https:\/\/sv.siddinghausen.de\/index.php?rest_route=%2Fwp%2Fv2%2Fcomments&post=11"}],"version-history":[{"count":1,"href":"https:\/\/sv.siddinghausen.de\/index.php?rest_route=\/wp\/v2\/pages\/11\/revisions"}],"predecessor-version":[{"id":2229,"href":"https:\/\/sv.siddinghausen.de\/index.php?rest_route=\/wp\/v2\/pages\/11\/revisions\/2229"}],"up":[{"embeddable":true,"href":"https:\/\/sv.siddinghausen.de\/index.php?rest_route=\/wp\/v2\/pages\/9"}],"wp:attachment":[{"href":"https:\/\/sv.siddinghausen.de\/index.php?rest_route=%2Fwp%2Fv2%2Fmedia&parent=11"}],"curies":[{"name":"wp","href":"https:\/\/api.w.org\/{rel}","templated":true}]}}